{"id":79,"date":"2023-12-19T23:26:04","date_gmt":"2023-12-19T22:26:04","guid":{"rendered":"http:\/\/ns3193092.ip-152-228-221.eu:10500\/?page_id=79"},"modified":"2026-02-05T19:06:46","modified_gmt":"2026-02-05T18:06:46","slug":"catalogues","status":"publish","type":"page","link":"https:\/\/huette.fr\/index.php\/catalogues\/","title":{"rendered":"Catalogues"},"content":{"rendered":"\n<figure class=\"wp-block-table is-style-stripes\"><table><tbody><tr><td class=\"has-text-align-center\" data-align=\"center\"><\/td><td class=\"has-text-align-center\" data-align=\"center\">      <a href=\"https:\/\/www.disgroup.fr\/catalogues\/catalogues-annuels-disgroup\" data-type=\"link\" data-id=\"https:\/\/www.disgroup.fr\/catalogues\/catalogues-annuels-disgroup\"><img loading=\"lazy\" decoding=\"async\" width=\"150\" height=\"209\" class=\"wp-image-278\" style=\"width: 150px;\" src=\"https:\/\/huette.fr\/wp-content\/uploads\/2025\/09\/catalogues-disgroup.jpg\" alt=\"\"><\/a><br><a href=\"https:\/\/www.disgroup.fr\/catalogues\/catalogues-annuels-disgroup\" data-type=\"link\" data-id=\"https:\/\/www.disgroup.fr\/catalogues\/catalogues-annuels-disgroup\">Les Catalogues<\/a><br><a href=\"https:\/\/www.disgroup.fr\/catalogues\/catalogues-annuels-disgroup\" data-type=\"link\" data-id=\"https:\/\/www.disgroup.fr\/catalogues\/catalogues-annuels-disgroup\">Disgroup<\/a><\/td><td class=\"has-text-align-center\" data-align=\"center\"><a href=\"https:\/\/mallardferriere.com\/catalogues\/\" data-type=\"link\" data-id=\"https:\/\/mallardferriere.com\/catalogues\/\" target=\"_blank\" rel=\"noreferrer noopener\">Catalogues Mallard-Ferriere<\/a><\/td><\/tr><tr><td class=\"has-text-align-center\" data-align=\"center\"><div class=\"_df_thumb \" id=\"df_242\"  _slug=\"artisan-chocolatier-2025\" data-title=\"artisan-chocolatier-2026\" wpoptions=\"true\" thumb=\"https:\/\/huette.fr\/wp-content\/uploads\/2025\/02\/ILE-DE-RE-CHOCOLATS-PAQUES-2025_mail.jpg\" thumbtype=\"\" >Artisan Chocolatier 2026<\/div><script class=\"df-shortcode-script\" type=\"application\/javascript\">window.option_df_242 = {\"outline\":[],\"autoEnableOutline\":\"false\",\"autoEnableThumbnail\":\"false\",\"overwritePDFOutline\":\"false\",\"direction\":\"1\",\"pageSize\":\"0\",\"source\":\"https:\\\/\\\/huette.fr\\\/wp-content\\\/uploads\\\/2026\\\/01\\\/CATALOGUE-PAQUES-2026-IDRC.pdf\",\"wpOptions\":\"true\"}; if(window.DFLIP && window.DFLIP.parseBooks){window.DFLIP.parseBooks();}<\/script><br><a href=\"https:\/\/huette.fr\/index.php\/catalogues\/#flipbook-df_242\/1\/\" data-type=\"link\" data-id=\"https:\/\/huette.fr\/index.php\/catalogues\/#flipbook-df_242\/1\/\" target=\"_blank\" rel=\"noreferrer noopener\">Artisan Chocolatier P\u00e2ques 2026<\/a><\/td><td class=\"has-text-align-center\" data-align=\"center\"><div class=\"_df_thumb \" id=\"df_250\"  _slug=\"pecou-paques-2025\" data-title=\"pecou-paques-2026\" wpoptions=\"true\" thumb=\"https:\/\/huette.fr\/wp-content\/uploads\/2025\/02\/PECOU-2025.jpg\" thumbtype=\"\" >P\u00e9cou P\u00e2ques 2026<\/div><script class=\"df-shortcode-script\" type=\"application\/javascript\">window.option_df_250 = {\"outline\":[],\"autoEnableOutline\":\"false\",\"autoEnableThumbnail\":\"false\",\"overwritePDFOutline\":\"false\",\"direction\":\"1\",\"pageSize\":\"0\",\"source\":\"https:\\\/\\\/huette.fr\\\/wp-content\\\/uploads\\\/2026\\\/01\\\/PECOU.pdf\",\"wpOptions\":\"true\"}; if(window.DFLIP && window.DFLIP.parseBooks){window.DFLIP.parseBooks();}<\/script><br><a href=\"https:\/\/huette.fr\/index.php\/catalogues\/#flipbook-df_250\/1\/\" data-type=\"link\" data-id=\"https:\/\/huette.fr\/index.php\/catalogues\/#flipbook-df_250\/1\/\" target=\"_blank\" rel=\"noreferrer noopener\">P\u00e9cou P\u00e2ques 2026<\/a><\/td><td class=\"has-text-align-center\" data-align=\"center\"><div class=\"_df_thumb \" id=\"df_258\"  _slug=\"hamlet-paques-2025\" data-title=\"hamlet-paques-2026\" wpoptions=\"true\" thumb=\"https:\/\/huette.fr\/wp-content\/uploads\/2025\/02\/HAMLET-2025.jpg\" thumbtype=\"\" >Hamlet P\u00e2ques 2026<\/div><script class=\"df-shortcode-script\" type=\"application\/javascript\">window.option_df_258 = {\"outline\":[],\"autoEnableOutline\":\"false\",\"autoEnableThumbnail\":\"false\",\"overwritePDFOutline\":\"false\",\"direction\":\"1\",\"pageSize\":\"0\",\"source\":\"https:\\\/\\\/huette.fr\\\/wp-content\\\/uploads\\\/2026\\\/01\\\/13.HAMLET-2026.pdf\",\"wpOptions\":\"true\"}; if(window.DFLIP && window.DFLIP.parseBooks){window.DFLIP.parseBooks();}<\/script><br><a href=\"https:\/\/huette.fr\/index.php\/catalogues\/#flipbook-df_258\/1\/\" target=\"_blank\" rel=\"noreferrer noopener\">Hamlet P\u00e2ques 2026<\/a><\/td><\/tr><tr><td class=\"has-text-align-center\" data-align=\"center\"><br><div class=\"_df_thumb \" id=\"df_260\"  _slug=\"revillon-paques-2025\" data-title=\"revillon-paques-2026\" wpoptions=\"true\" thumb=\"https:\/\/huette.fr\/wp-content\/uploads\/2025\/02\/REVILLON-2025-code.jpg\" thumbtype=\"\" >Revillon P\u00e2ques 2026<\/div><script class=\"df-shortcode-script\" type=\"application\/javascript\">window.option_df_260 = {\"outline\":[],\"autoEnableOutline\":\"false\",\"autoEnableThumbnail\":\"false\",\"overwritePDFOutline\":\"false\",\"direction\":\"1\",\"pageSize\":\"0\",\"source\":\"https:\\\/\\\/huette.fr\\\/wp-content\\\/uploads\\\/2026\\\/01\\\/9.REVILLON-2026.pdf\",\"wpOptions\":\"true\"}; if(window.DFLIP && window.DFLIP.parseBooks){window.DFLIP.parseBooks();}<\/script><br><a href=\"https:\/\/huette.fr\/index.php\/catalogues\/#flipbook-df_252\/1\/\" data-type=\"link\" data-id=\"https:\/\/huette.fr\/index.php\/catalogues\/#flipbook-df_252\/1\/\">Revillon P\u00e2ques 2026<\/a><br><\/td><td class=\"has-text-align-center\" data-align=\"center\"><div class=\"_df_thumb \" id=\"df_252\"  _slug=\"mallard-paques-2025\" data-title=\"mallard-paques-2026\" wpoptions=\"true\" thumb=\"https:\/\/huette.fr\/wp-content\/uploads\/2025\/02\/MALLARD_PAQUES.jpg\" thumbtype=\"\" >Mallard P\u00e2ques 2026<\/div><script class=\"df-shortcode-script\" type=\"application\/javascript\">window.option_df_252 = {\"outline\":[],\"autoEnableOutline\":\"false\",\"autoEnableThumbnail\":\"false\",\"overwritePDFOutline\":\"false\",\"direction\":\"1\",\"pageSize\":\"0\",\"source\":\"https:\\\/\\\/huette.fr\\\/wp-content\\\/uploads\\\/2026\\\/01\\\/PAQUES-2026.pdf\",\"wpOptions\":\"true\"}; if(window.DFLIP && window.DFLIP.parseBooks){window.DFLIP.parseBooks();}<\/script><br><a href=\"https:\/\/huette.fr\/index.php\/catalogues\/#flipbook-df_252\/1\/\" target=\"_blank\" rel=\"noreferrer noopener\">Mallard P\u00e2ques 202<\/a>6<\/td><td class=\"has-text-align-center\" data-align=\"center\"><div class=\"_df_thumb \" id=\"df_234\"  _slug=\"234\" data-title=\"cabrellon-2025\" wpoptions=\"true\" thumb=\"https:\/\/huette.fr\/wp-content\/uploads\/2025\/02\/CABRELLON.jpg\" thumbtype=\"\" >CABRELLON 2025<\/div><script class=\"df-shortcode-script\" type=\"application\/javascript\">window.option_df_234 = {\"outline\":[],\"autoEnableOutline\":\"false\",\"autoEnableThumbnail\":\"false\",\"overwritePDFOutline\":\"false\",\"direction\":\"1\",\"pageSize\":\"0\",\"source\":\"https:\\\/\\\/huette.fr\\\/wp-content\\\/uploads\\\/2025\\\/02\\\/CATALOGO-2025-cabrellon.pdf\",\"wpOptions\":\"true\"}; if(window.DFLIP && window.DFLIP.parseBooks){window.DFLIP.parseBooks();}<\/script><br><a href=\"https:\/\/huette.fr\/index.php\/catalogues\/#flipbook-df_234\/1\/\" target=\"_blank\" rel=\"noreferrer noopener\">Cabrellon<\/a><\/td><\/tr><tr><td class=\"has-text-align-center\" data-align=\"center\"><div class=\"_df_thumb \" id=\"df_441\"  _slug=\"441\" data-title=\"\" wpoptions=\"true\" thumb=\"https:\/\/huette.fr\/wp-content\/uploads\/2026\/01\/selection_PAQUES.jpg\" thumbtype=\"\" >Open Book<\/div><script class=\"df-shortcode-script\" type=\"application\/javascript\">window.option_df_441 = {\"outline\":[],\"autoEnableOutline\":\"false\",\"autoEnableThumbnail\":\"false\",\"overwritePDFOutline\":\"false\",\"direction\":\"1\",\"pageSize\":\"0\",\"source\":\"https:\\\/\\\/huette.fr\\\/wp-content\\\/uploads\\\/2026\\\/01\\\/CATA-SELECTION-GOURMANDE-PAQUES-BRUNCH_HUETTE.pdf\",\"wpOptions\":\"true\"}; if(window.DFLIP && window.DFLIP.parseBooks){window.DFLIP.parseBooks();}<\/script><br><a href=\"https:\/\/huette.fr\/index.php\/catalogues\/#flipbook-df_441\/1\/\" target=\"_blank\" rel=\"noreferrer noopener\">S\u00e9lection P\u00e2ques 2026<\/a><\/td><td class=\"has-text-align-center\" data-align=\"center\"><a href=\"https:\/\/www.calameo.com\/decors-fins\/read\/0076875260a6d325c3865\" data-type=\"link\" data-id=\"https:\/\/www.calameo.com\/decors-fins\/read\/0076875260a6d325c3865\" target=\"_blank\" rel=\"noreferrer noopener\"><img loading=\"lazy\" decoding=\"async\" width=\"150\" height=\"152\" class=\"wp-image-452\" style=\"width: 150px;\" src=\"https:\/\/huette.fr\/wp-content\/uploads\/2026\/02\/decorsfinscarre-6866a421d70d5.png\" alt=\"\" srcset=\"https:\/\/huette.fr\/wp-content\/uploads\/2026\/02\/decorsfinscarre-6866a421d70d5.png 1735w, https:\/\/huette.fr\/wp-content\/uploads\/2026\/02\/decorsfinscarre-6866a421d70d5-296x300.png 296w, https:\/\/huette.fr\/wp-content\/uploads\/2026\/02\/decorsfinscarre-6866a421d70d5-1011x1024.png 1011w, https:\/\/huette.fr\/wp-content\/uploads\/2026\/02\/decorsfinscarre-6866a421d70d5-768x778.png 768w, https:\/\/huette.fr\/wp-content\/uploads\/2026\/02\/decorsfinscarre-6866a421d70d5-1517x1536.png 1517w\" sizes=\"auto, (max-width: 150px) 100vw, 150px\" \/><\/a><br><a href=\"https:\/\/www.calameo.com\/decors-fins\/read\/0076875260a6d325c3865\" target=\"_blank\" rel=\"noreferrer noopener\">Les d\u00e9cors en chocolat<\/a><\/td><td class=\"has-text-align-center\" data-align=\"center\"><img loading=\"lazy\" decoding=\"async\" width=\"150\" height=\"152\" class=\"wp-image-312\" style=\"width: 150px;\" src=\"https:\/\/huette.fr\/wp-content\/uploads\/2025\/09\/decoretcreation.jpg\" alt=\"\" srcset=\"https:\/\/huette.fr\/wp-content\/uploads\/2025\/09\/decoretcreation.jpg 678w, https:\/\/huette.fr\/wp-content\/uploads\/2025\/09\/decoretcreation-297x300.jpg 297w\" sizes=\"auto, (max-width: 150px) 100vw, 150px\" \/><br><a href=\"https:\/\/www.calameo.com\/read\/006121540409432dc24c5\" target=\"_blank\" rel=\"noreferrer noopener\">D\u00e9cors &amp; Cr\u00e9ations<\/a><\/td><\/tr><tr><td class=\"has-text-align-center\" data-align=\"center\"><div class=\"_df_thumb \" id=\"df_457\"  _slug=\"\" data-title=\"la-selection-paques-et-fete-des-meres-et-fetes-des-peres-decors-et-creation\" wpoptions=\"true\" thumb=\"https:\/\/huette.fr\/wp-content\/uploads\/2025\/09\/decoretcreation.jpg\" thumbtype=\"\" >La s\u00e9lection P\u00e2ques et F\u00eate des m\u00e8res et F\u00eates des p\u00e8res D\u00e9cors et Cr\u00e9ation<\/div><script class=\"df-shortcode-script\" type=\"application\/javascript\">window.option_df_457 = {\"outline\":[],\"autoEnableOutline\":\"false\",\"autoEnableThumbnail\":\"false\",\"overwritePDFOutline\":\"false\",\"direction\":\"1\",\"pageSize\":\"0\",\"source\":\"https:\\\/\\\/huette.fr\\\/wp-content\\\/uploads\\\/2026\\\/02\\\/Catalogue-DC-2025-2026-SELECTION-PAQUES-ET-FM-ET-FP.pdf\",\"wpOptions\":\"true\"}; if(window.DFLIP && window.DFLIP.parseBooks){window.DFLIP.parseBooks();}<\/script><br><a href=\"https:\/\/huette.fr\/index.php\/catalogues\/#flipbook-df_457\/1\/\" target=\"_blank\" rel=\"noreferrer noopener\">La s\u00e9lection P\u00e2ques et F\u00eate des m\u00e8res et F\u00eates des p\u00e8res D\u00e9cors et Cr\u00e9ation<\/a><\/td><td class=\"has-text-align-center\" data-align=\"center\"><\/td><td class=\"has-text-align-center\" data-align=\"center\"><\/td><\/tr><tr><td class=\"has-text-align-center\" data-align=\"center\"><\/td><td class=\"has-text-align-center\" data-align=\"center\"><\/td><td class=\"has-text-align-center\" data-align=\"center\"><\/td><\/tr><\/tbody><\/table><\/figure>\n\n\n\n<p><\/p>\n\n\n\n<p><\/p>\n","protected":false},"excerpt":{"rendered":"<p>Les CataloguesDisgroup Catalogues Mallard-Ferriere Artisan Chocolatier P\u00e2ques 2026 P\u00e9cou P\u00e2ques 2026 Hamlet P\u00e2ques 2026 Revillon P\u00e2ques 2026 Mallard P\u00e2ques 2026 Cabrellon S\u00e9lection P\u00e2ques 2026 Les d\u00e9cors en chocolat D\u00e9cors &amp; Cr\u00e9ations La s\u00e9lection P\u00e2ques et F\u00eate des m\u00e8res et F\u00eates des p\u00e8res D\u00e9cors et Cr\u00e9ation<\/p>\n","protected":false},"author":1,"featured_media":0,"parent":0,"menu_order":0,"comment_status":"closed","ping_status":"closed","template":"page-no-title","meta":{"footnotes":""},"class_list":["post-79","page","type-page","status-publish","hentry"],"_links":{"self":[{"href":"https:\/\/huette.fr\/index.php\/wp-json\/wp\/v2\/pages\/79","targetHints":{"allow":["GET"]}}],"collection":[{"href":"https:\/\/huette.fr\/index.php\/wp-json\/wp\/v2\/pages"}],"about":[{"href":"https:\/\/huette.fr\/index.php\/wp-json\/wp\/v2\/types\/page"}],"author":[{"embeddable":true,"href":"https:\/\/huette.fr\/index.php\/wp-json\/wp\/v2\/users\/1"}],"replies":[{"embeddable":true,"href":"https:\/\/huette.fr\/index.php\/wp-json\/wp\/v2\/comments?post=79"}],"version-history":[{"count":61,"href":"https:\/\/huette.fr\/index.php\/wp-json\/wp\/v2\/pages\/79\/revisions"}],"predecessor-version":[{"id":460,"href":"https:\/\/huette.fr\/index.php\/wp-json\/wp\/v2\/pages\/79\/revisions\/460"}],"wp:attachment":[{"href":"https:\/\/huette.fr\/index.php\/wp-json\/wp\/v2\/media?parent=79"}],"curies":[{"name":"wp","href":"https:\/\/api.w.org\/{rel}","templated":true}]}}